 -5)*(-2)/(-4). Let z(n) = 14*n**2 + 1. Give z(s).
15
Let t be 0 + -4 + (-3 + 8 - 0). Let z(h) = -23*h**2 + 2*h - 1. Give z(t).
-22
Let p(m) = -m**3 - 3*m**2 + 2*m + 3. Let y(w) = -w**2 - 2*w - 3. Let s be y(-2). Calculate p(s).
-3
Suppose 0 = t + 1 - 3. Let x(c) = c + t + c - 3*c. Give x(5).
-3
Let b(l) = -4*l - 1. Let u be b(-1). Let y(z) = -u + 1 - 1 + 1 - 2*z. Determine y(-4).
6
Let v = -20 - -25. Let u be v*(3 - (-8)/(-4)). Let m(w) = -w**3 + 4*w**2 + 5*w - 6. What is m(u)?
-6
Let w(u) = -3*u**2 - 2*u - 1. Suppose 7 - 11 = -2*t. Calculate w(t).
-17
Let l(y) = -5*y**2 + 1 + 5*y + 3 + y**3 - 6*y - 6*y. Calculate l(6).
-2
Suppose 14 = -3*u - 2*m, 3*u - 1 = 2*m + 1. Let q(z) = 17*z - 11. Let y(h) = 11*h - 7. Let o(t) = 5*q(t) - 8*y(t). Calculate o(u).
7
Let q(c) = c - c**2 + c + 3 - 4*c. Give q(3).
-12
Suppose g - 25 = -4*g. Let q(n) = 0*n**2 + g - 2*n + 2*n**2 - 7. Suppose 2*o = 5*o - 9. What is q(o)?
10
Let c(q) be the second derivative of q**5/20 - q**4/4 - q**3/2 + q**2 - 2*q. Let h = 0 + 3. Determine c(h).
-7
Suppose 4*n - 3*n - 2 = 0. Let c(g) = n + g - 6 + 0*g. Determine c(2).
-2
Let z(h) = -h**3 - 2*h**2 - h - 1. Let w = 86 + -88. Determine z(w).
1
Let j(s) = s**2 - 5*s + 5. Let m(w) = 3*w**2 - 14*w + 15. Let x(i) = -7*j(i) + 2*m(i). Give x(5).
5
Suppose -j + 52 = 4*y - 0*j, 0 = -2*j - 8. Suppose 2*u + 2*i - y = 6*u, 5*i = 4*u + 17. Let p(w) = -w - 3. Give p(u).
0
Let z = 11 - 23. Let y be (-2 + (-15)/z)*24. Let v = -13 - y. Let j(b) = b**3 - 4*b**2 - 4*b - 2. What is j(v)?
3
Let a be -4*2/(-16)*(-2 - 0). Let y(z) = 21*z + 1. Calculate y(a).
-20
Let l(o) = 2*o - 5. Let f be l(4). Suppose 4*a - 4 = 4*x, x - 6 = -3. Let r(p) = -8*p**3 - 5*p + 3*p**3 + 2*p**3 + 2*p**3 + a + 4*p**2. Give r(f).
-2
Let k(m) = 1. Let b(c) = c - 9. Let w(h) = -b(h) - 5*k(h). Give w(5).
-1
Let j(f) = 3*f**3 + f. Let s = -7 + 12. Suppose 4*v - o - 7 = 0, v - s*o = -0*o + 16. Calculate j(v).
4
Suppose -4*m + 2*i - 34 = 0, 3*m - 1 = -5*i + 6. Let n(x) = x - 2. Calculate n(m).
-8
Let z(h) be the first derivative of h**4/4 + 8*h**3/3 + 6*h - 30. Determine z(-8).
6
Let f(l) = 2*l**2 - 4*l - 1. Suppose 2*m - u - 2 = 3, 0 = -4*m - 5*u + 17. Determine f(m).
5
Let p(y) be the first derivative of 1/3*y**3 + 1 + 0*y + 1/2*y**2. Give p(-3).
6
Let b(t) be the third derivative of -t**7/2520 + t**6/80 - t**5/12 - 7*t**4/24 + 4*t**2. Let j(d) be the second derivative of b(d). What is j(7)?
4
Let x be (5/(-10))/((-2)/(-20)). Let k(c) = -5*c + c**3 + 5 + 0*c**2 + 7*c**2 - 3*c**2. Calculate k(x).
5
Let d(u) = u**3 + 8*u**2 + 4*u - 1. Let a be d(-7). Suppose -a = -4*i - 28. Let x(k) = 4*k. Calculate x(i).
-8
Let g = 12 + -15. Let j(k) = k**3 - 4*k**2 - 8*k + 8. Let x(v) = -v**3 + 3*v**2 + 7*v - 7. Let o(z) = 4*j(z) + 5*x(z). What is o(g)?
6
Let a(v) = -8*v**2 + 2*v + 4. Let b(p) = 2*p**2 - p - 1. Let m(w) = -a(w) - 2*b(w). What is m(2)?
14
Let u(c) = c + 3. Let p(b) = b**2 + 7*b + 2. Let g(o) = 3*o + 3. Let v be g(-3). Let i be p(v). Determine u(i).
-1
Let h be (63/(-2))/(-7)*8/(-6). Let x(z) = -13*z**3 - 11*z**2 + 33*z + 7. Let c(w) = 3*w**3 + 3*w**2 - 8*w - 2. Let j(n) = -9*c(n) - 2*x(n). Determine j(h).
4
Let t(x) = 2*x + 2. Let p(f) = -2*f**3 + 12*f**2 + f - 10. Let j be p(6). Give t(j).
-6
Let v(t) = 21*t**3 - 13*t**2 + 6*t + 4. Let m be -3*-1*2/3. Let p(o) = -4*o**m + 4*o + 14*o**3 - 5*o**2 - 1 + 4. Let s(i) = -7*p(i) + 5*v(i). Calculate s(1).
6
Let j(k) be the second derivative of -k**4/12 + k**2/2 - 2*k. Let m(h) = -h - 11. Let d be m(-10). Determine j(d).
0
Let p(s) be the second derivative of -s**4/12 - s**3 + s**2 + 2*s. Let r be (-1)/(-8) + (-451)/88. Determine p(r).
7
Let u(d) be the third derivative of -d**4/12 + d**3/2 - 10*d**2. Let j be 2/2*5 - 0. Give u(j).
-7
Let i(l) = 2*l - 3. Suppose h + 18 = -3*b, 5*h - 1 - 5 = b. What is i(b)?
-15
Let c(h) = -h + 2. Suppose -2*l - 2 + 14 = 0. Give c(l).
-4
Let n(l) be the second derivative of 5/12*l**4 + 3/2*l**2 + 1/20*l**5 - 3*l + 1/2*l**3 + 0. Calculate n(-4).
7
Let o(y) = -y**3 + 4*y**2 + 5*y + 2. Let p be o(5). Let r(v) = 3*v - 2 - 4*v + v**3 + 4*v**p - 3*v + 0*v**2. Determine r(-5).
-7
Let d be 1 - (0 + 0)*-1. Let b(w) = -d + 3*w - 3 - w. Give b(5).
6
Let p be (-3)/18*-3*4. Suppose 0 = 3*c - 0*c + 4*t + 19, 5*t = p*c + 5. Let l(b) = 2*b + 3. Determine l(c).
-7
Let g(i) = -i**2 + i - 1. Suppose -28 = -2*t + 2*r, t + 70 = 6*t + 5*r. Let z = -10 + t. Let w be (6 - z) + 2 + -1. What is g(w)?
-7
Let o(p) = 10*p**2 - p + 1. Suppose 11*x + 4 = 15*x. Give o(x).
10
Let f be -2 + (2 - -3) + 0. Let v(j) = j**3 - 2*j**2 - 3*j - 3. Calculate v(f).
-3
Let a = 1 + -4. Let k(v) = 10*v + 6. Let w(z) = 21*z + 13. Let j(b) = a*w(b) + 7*k(b). Give j(-2).
-11
Let z(w) = w**3 + 7*w + 4 + 5*w**2 + 2 + 0. Calculate z(-4).
-6
Let i(o) = -o**3 - 6*o**2 - 5*o - 2. Suppose 22 = 12*q + 58. Give i(q).
-14
Let z(g) = g - 3. Let c be z(5). Let x be c*(3 - 1)/(-1). Let b(r) be the third derivative of r**6/120 + r**5/12 + 5*r**4/24 + r**3/3 + 4*r**2. Calculate b(x).
-2
Let r(o) be the third derivative of o**6/120 + o**5/20 - 5*o**4/24 + o**3/3 + o**2. Let c be r(-4). Let a(n) = -2*n - c + 4 + 1 + 2. Calculate a(-2).
5
Let j(f) = -4*f - 2*f**3 - 3*f**2 - 2*f**2 + 8*f + f**3 - 1. Determine j(-6).
11
Let j(r) = 2*r**3 + 9*r**2 - 3*r + 5. Let f(n) = -3*n**3 - 17*n**2 + 6*n - 10. Let d(i) = -3*f(i) - 5*j(i). Calculate d(6).
-13
Let j(w) be the third derivative of 2/3*w**3 + 1/24*w**4 + w**2 + 0*w + 0. Suppose -2*r = 3*r + 15. Give j(r).
1
Suppose 5*c + 3 = 5*w - 7, 3*c + 6 = 4*w. Let y = 3 - w. Let a(i) = 3 + i**y + 4 - 5 + i. Calculate a(0).
2
Let h(j) = -j - 24. Let v be h(-17). Let f(u) = u + 1. Determine f(v).
-6
Suppose -35 = 5*i + 3*z, -i + 4*i - 3*z - 3 = 0. Let g(x) be the second derivative of 0 - 1/12*x**4 - 5/6*x**3 - 3/2*x**2 - x. Calculate g(i).
1
Let t(m) = -m**3 + 2*m**2 + m + 2. Let s be t(-2). Let a = s + -10. Let b = 3 - a. Let l(w) = w**3 + 2*w**2 - 3*w + 1. What is l(b)?
1
Let p(k) be the second derivative of k**4/12 + k**3/6 - k**2/2 - k. Let c(s) = s - 2. Let o be c(4). Suppose o*j - 6 = -2. Determine p(j).
5
Suppose 2*q - 4*o + 28 = 0, -q - 3*q + o = 28. Let g(b) = -b**2 - 8*b - 3. Calculate g(q).
9
Let g = 7 - 5. Let t(l) = 2*l**2 - g*l - l + l + 3*l. Calculate t(2).
10
Let v be (-12)/((-12)/3) - 9. Let s(w) = -w**3 - 6*w**2 - 3*w - 8. Calculate s(v).
10
Suppose 0*t - 2*t + 8 = 0. Let l(v) = 1 + v + 1 + t. Let y(a) = a + 5. Let x(c) = 4*l(c) - 5*y(c). What is x(0)?
-1
Let l(j) = -j**2 + 4*j - 4. Suppose s + 12 - 2 = 0. Let b = 10 + 5. Let n = s + b. Calculate l(n).
-9
Let g(s) be the first derivative of 3*s**4/2 - s**2/2 + 10. Let a(w) = w - 7. Let d = 5 - -1. Let f be a(d). Give g(f).
-5
Let k(g) be the first derivative of -g**4/4 + g + 7. Give k(1).
0
Suppose 3*g = -w - 4, 0*w + 5*g + 10 = -w. Let j be w/(-15) + 2/6. Let p(u) = u + 2. What is p(j)?
2
Let v(h) = -7*h - 5. Let z(f) = -3*f - 2. Let i(k) = 4*v(k) - 10*z(k). Calculate i(1).
2
Suppose 24 = -4*t + 8, 2*o - 2 = -3*t. Let l(f) = f**3 - 6*f**2 - 9*f + 9. Let b be l(o). Let m(q) = 7 + 3*q - 2 - 2*q. Give m(b).
0
Suppose -3*r = -0 - 6. Let u(z) = 2*z**r + 6 + 6*z - 1 - 3*z**2 + 2*z**2. Give u(-4).
-3
Let g(x) = 6*x**3 + 1. Let h be 1/(3 + 16/(-4)). What is g(h)?
-5
Suppose 4*n - 7*n = 6. Let o(h) = -2*h**2 - 2*h + 1. Give o(n).
-3
Let i be -4*(-2 + 3/2). Let a(s) = -s**2 + 2*s + 3. Let f(u) = -u**2 + u + 2. Let j = -1 - -4. Let z(p) = j*f(p) - 2*a(p). Determine z(i).
-6
Suppose -4*y + 3*y = -4. Let u(l) = -2*l**2 + 4*l + 5. Give u(y).
-11
Let x be 4/3*(-9)/(-6). Let u(k) = -k**2 + k - k + 0*k**x + 6. Determine u(0).
6
Let x(m) = 11*m - 9*m - 10*m - m**2 + 2*m**2. Determine x(4).
-16
Let o = 8 - -4. Let p = o + -16. Let u(i) = -3*i - 3. Calculate u(p).
9
Let j(c) = 11*c - 9 - 6*c - 4*c. What is j(13)?
4
Let o be -1 + -2*2/(-4). Suppose 1 = -4*v + y, o = -5*v + 3*y - 2*y. Let x(h) = -v + 3 + 6 + 4*h - h**2. Calculate x(6).
-4
Let q be 2 + -4 - (1 + 0). Let t(w) = w**2 + 2*w - 2. Give t(q).
1
Let p(s) = -21*s + 3*s**2 + 3*s**2 + 5*s**3 - 4*s**3 + 6 + 14*s. Give p(-7).
6
Let j(o) = 5*o**3 + 5*o**2 + 2*o + 2. Let r(d) = 2*d**3 + 2*d**2 + d + 1. Let b(l) = -4*j(l) + 9*r(l). Determine b(-2).
7
Let v(s) = -s**3 - 7*s**2 - 6*s + 7. Let f = 0 + -2. Let o be (12/(-14))/(f/(-14)). Ca